4 is divided by 458?
70
What is the remainder when 622 is divided by 89?
88
Calculate the remainder when 1054 is divided by 48.
46
Calculate the remainder when 154 is divided by 27.
19
Calculate the remainder when 325 is divided by 30.
25
Calculate the remainder when 152 is divided by 11.
9
What is the remainder when 2022 is divided by 19?
8
What is the remainder when 901 is divided by 130?
121
Calculate the remainder when 197 is divided by 30.
17
What is the remainder when 6086 is divided by 17?
0
Calculate the remainder when 1706 is divided by 14.
12
Calculate the remainder when 5564 is divided by 83.
3
What is the remainder when 45 is divided by 4?
1
What is the remainder when 838 is divided by 15?
13
Calculate the remainder when 759 is divided by 127.
124
Calculate the remainder when 811 is divided by 59.
44
What is the remainder when 902 is divided by 112?
6
Calculate the remainder when 851 is divided by 713.
138
What is the remainder when 666 is divided by 23?
22
Calculate the remainder when 42 is divided by 15.
12
What is the remainder when 1314 is divided by 7?
5
Calculate the remainder when 35 is divided by 1.
0
What is the remainder when 495 is divided by 143?
66
What is the remainder when 253 is divided by 69?
46
Calculate the remainder when 584 is divided by 31.
26
What is the remainder when 5433 is divided by 774?
15
What is the remainder when 221 is divided by 14?
11
What is the remainder when 14011 is divided by 173?
171
What is the remainder when 80 is divided by 78?
2
What is the remainder when 126 is divided by 67?
59
What is the remainder when 2836 is divided by 80?
36
What is the remainder when 262 is divided by 2?
0
Calculate the remainder when 252 is divided by 15.
12
Calculate the remainder when 186 is divided by 11.
10
What is the remainder when 135 is divided by 54?
27
Calculate the remainder when 191 is divided by 75.
41
What is the remainder when 244 is divided by 18?
10
Calculate the remainder when 1825 is divided by 59.
55
What is the remainder when 74 is divided by 25?
24
Calculate the remainder when 93 is divided by 23.
1
What is the remainder when 3932 is divided by 73?
63
Calculate the remainder when 9983 is divided by 39.
38
What is the remainder when 2939 is divided by 17?
15
What is the remainder when 1751 is divided by 445?
416
What is the remainder when 210 is divided by 119?
91
What is the remainder when 2191 is divided by 129?
127
Calculate the remainder when 718 is divided by 145.
138
Calculate the remainder when 2137 is divided by 20.
17
Calculate the remainder when 555 is divided by 18.
15
What is the remainder when 312 is divided by 84?
60
What is the remainder when 499 is divided by 42?
37
What is the remainder when 73 is divided by 32?
9
Calculate the remainder when 3648 is divided by 73.
71
What is the remainder when 155 is divided by 26?
25
What is the remainder when 76 is divided by 22?
10
What is the remainder when 1146 is divided by 1120?
26
What is the remainder when 5261 is divided by 47?
44
Calculate the remainder when 2576 is divided by 68.
60
Calculate the remainder when 189 is divided by 89.
11
Calculate the remainder when 1171 is divided by 20.
11
What is the remainder when 292 is divided by 144?
4
What is the remainder when 1724 is divided by 78?
8
Calculate the remainder when 136 is divided by 4.
0
What is the remainder when 1153 is divided by 397?
359
Calculate the remainder when 25 is divided by 19.
6
Calculate the remainder when 1701 is divided by 1700.
1
What is the remainder when 246 is divided by 31?
29
What is the remainder when 606 is divided by 24?
6
What is the remainder when 745 is divided by 732?
13
What is the remainder when 208 is divided by 54?
46
What is the remainder when 6913 is divided by 52?
49
What is the remainder when 1811 is divided by 20?
11
Calculate the remainder when 504 is divided by 164.
12
Calculate the remainder when 25 is divided by 14.
11
What is the remainder when 222 is divided by 95?
32
What is the remainder when 344 is divided by 12?
8
What is the remainder when 27 is divided by 4?
3
Calculate the remainder when 85 is divided by 9.
4
Calculate the remainder when 125 is divided by 74.
51
Calculate the remainder when 176 is divided by 148.
28
Calculate the remainder when 1339 is divided by 64.
59
What is the remainder when 2109 is divided by 45?
39
What is the remainder when 3531 is divided by 186?
183
Calculate the remainder when 441 is divided by 12.
9
What is the remainder when 251 is divided by 17?
13
What is the remainder when 20 is divided by 3?
2
Calculate the remainder when 21775 is divided by 16.
15
What is the remainder when 166 is divided by 34?
30
Calculate the remainder when 615 is divided by 44.
43
What is the remainder when 211 is divided by 11?
2
What is the remainder when 109 is divided by 56?
53
What is the remainder when 134 is divided by 36?
26
What is the remainder when 220 is divided by 18?
4
What is the remainder when 1318 is divided by 15?
13
What is the remainder when 1727 is divided by 295?
252
What is the remainder when 346 is divided by 119?
108
What is the remainder when 154 is divided by 26?
24
What is the remainder when 107 is divided by 38?
31
What is the remainder when 69 is divided by 16?
5
Calculate the remainder when 12424 is divided by 26.
22
Calculate the remainder when 138 is divided by 71.
67
What is the remainder when 276 is divided by 100?
76
Calculate the remainder when 1161 is divided by 98.
83
What is the remainder when 83 is divided by 1?
0
Calculate the remainder when 104 is divided by 63.
41
What is the remainder when 1206 is divided by 32?
22
Calculate the remainder when 159 is divided by 14.
5
What is the remainder when 921 is divided by 167?
86
Calculate the remainder when 88 is divided by 18.
16
Calculate the remainder when 378 is divided by 40.
18
What is the remainder when 49 is divided by 13?
10
Calculate the remainder when 201 is divided by 42.
33
Calculate the remainder when 43 is divided by 7.
1
What is the remainder when 410 is divided by 193?
24
What is the remainder when 236 is divided by 10?
6
Calculate the remainder when 119 is divided by 41.
37
What is the remainder when 89 is divided by 44?
1
Calculate the remainder when 895 is divided by 37.
7
What is the remainder when 9943 is divided by 113?
112
Calculate the remainder when 1144 is divided by 378.
10
Calculate the remainder when 156 is divided by 48.
12
Calculate the remainder when 720 is divided by 104.
96
What is the remainder when 948 is divided by 236?
4
Calculate the remainder when 290 is divided by 7.
3
Calculate the remainder when 98 is divided by 17.
13
Calculate the remainder when 51 is divided by 13.
12
What is the remainder when 591 is divided by 70?
31
Calculate the remainder when 260 is divided by 53.
48
What is the remainder when 1175 is divided by 42?
41
What is the remainder when 111 is divided by 36?
3
What is the remainder when 1002 is divided by 145?
132
Calculate the remainder when 9238 is divided by 20.
18
What is the remainder when 327 is divided by 22?
19
Calculate the remainder when 1842 is divided by 6.
0
What is the remainder when 359 is divided by 30?
29
Calculate the remainder when 875 is divided by 872.
3
Calculate the remainder when 118 is divided by 21.
13
What is the remainder when 2 is divided by 1?
0
What is the remainder when 321 is divided by 19?
17
Calculate the remainder when 233 is divided by 122.
111
Calculate the remainder when 99 is divided by 89.
10
What is the remainder when 198 is divided by 40?
38
Calculate the remainder when 98 is divided by 78.
20
Calculate the remainder when 211 is divided by 131.
80
What is the remainder when 1218 is divided by 3?
0
Calculate the remainder when 963 is divided by 196.
179
Calculate the remainder when 3245 is divided by 83.
8
Calculate the remainder when 387 is divided by 47.
11
Calculate the remainder when 619 is divided by 598.
21
Calculate the remainder when 30 is divided by 3.
0
What is the remainder when 108 is divided by 79?
29
What is the remainder when 12149 is divided by 10?
9
What is the remainder when 202 is divided by 103?
99
Calculate the remainder when 773 is divided by 383.
7
Calculate the remainder when 157 is divided by 33.
25
Cal